{"id":2,"date":"2021-09-25T19:04:42","date_gmt":"2021-09-25T19:04:42","guid":{"rendered":"http:\/\/www.racinesimmo.be\/?page_id=2"},"modified":"2021-09-25T19:24:18","modified_gmt":"2021-09-25T19:24:18","slug":"sample-page","status":"publish","type":"page","link":"https:\/\/www.racinesimmo.be\/","title":{"rendered":"Page d&rsquo;accueil"},"content":{"rendered":"\n<h2 class=\"wp-block-heading\">D\u00e9connectez<\/h2>\n\n\n\n<p>Laissez votre t\u00e9l\u00e9phone de c\u00f4t\u00e9 pour un week-end et (re)d\u00e9couvrez les plaisirs simple d&rsquo;un moment \u00e0 la c\u00f4te. <\/p>\n\n\n\n<p>\u00c0 300 m de la plage, au milieu de la ville touristique de Middelkerke, prennez le temps d&rsquo;une balade, une baignade ou d&rsquo;une cr\u00e8me glac\u00e9e.<\/p>\n\n\n\n<figure class=\"wp-block-gallery columns-2 is-cropped wp-block-gallery-1 is-layout-flex wp-block-gallery-is-layout-flex\"><ul class=\"blocks-gallery-grid\"><li class=\"blocks-gallery-item\"><figure><img loading=\"lazy\" decoding=\"async\" width=\"1024\" height=\"682\" src=\"https:\/\/www.racinesimmo.be\/wp-content\/uploads\/2021\/09\/1280px-Middelkerke_front_de_mer-1024x682.jpg\" alt=\"\" data-id=\"19\" data-full-url=\"https:\/\/www.racinesimmo.be\/wp-content\/uploads\/2021\/09\/1280px-Middelkerke_front_de_mer.jpg\" data-link=\"https:\/\/www.racinesimmo.be\/sample-page\/1280px-middelkerke_front_de_mer\/\" class=\"wp-image-19\" srcset=\"https:\/\/www.racinesimmo.be\/wp-content\/uploads\/2021\/09\/1280px-Middelkerke_front_de_mer-1024x682.jpg 1024w, https:\/\/www.racinesimmo.be\/wp-content\/uploads\/2021\/09\/1280px-Middelkerke_front_de_mer-300x200.jpg 300w, https:\/\/www.racinesimmo.be\/wp-content\/uploads\/2021\/09\/1280px-Middelkerke_front_de_mer-768x511.jpg 768w, https:\/\/www.racinesimmo.be\/wp-content\/uploads\/2021\/09\/1280px-Middelkerke_front_de_mer.jpg 1280w\" sizes=\"auto, (max-width: 1024px) 100vw, 1024px\" \/><\/figure><\/li><li class=\"blocks-gallery-item\"><figure><img loading=\"lazy\" decoding=\"async\" width=\"1024\" height=\"681\" src=\"https:\/\/www.racinesimmo.be\/wp-content\/uploads\/2021\/09\/1024px-Plage_middelkerke.jpg\" alt=\"\" data-id=\"20\" data-full-url=\"https:\/\/www.racinesimmo.be\/wp-content\/uploads\/2021\/09\/1024px-Plage_middelkerke.jpg\" data-link=\"https:\/\/www.racinesimmo.be\/sample-page\/1024px-plage_middelkerke\/\" class=\"wp-image-20\" srcset=\"https:\/\/www.racinesimmo.be\/wp-content\/uploads\/2021\/09\/1024px-Plage_middelkerke.jpg 1024w, https:\/\/www.racinesimmo.be\/wp-content\/uploads\/2021\/09\/1024px-Plage_middelkerke-300x200.jpg 300w, https:\/\/www.racinesimmo.be\/wp-content\/uploads\/2021\/09\/1024px-Plage_middelkerke-768x511.jpg 768w\" sizes=\"auto, (max-width: 1024px) 100vw, 1024px\" \/><\/figure><\/li><\/ul><\/figure>\n","protected":false},"excerpt":{"rendered":"<p>D\u00e9connectez Laissez votre t\u00e9l\u00e9phone de c\u00f4t\u00e9 pour un week-end et (re)d\u00e9couvrez les plaisirs simple d&rsquo;un moment \u00e0 la c\u00f4te. \u00c0 300 m de la plage, au milieu de la ville touristique de Middelkerke, prennez le temps d&rsquo;une balade, une baignade ou d&rsquo;une cr\u00e8me glac\u00e9e.<\/p>\n","protected":false},"author":1,"featured_media":13,"parent":0,"menu_order":0,"comment_status":"closed","ping_status":"open","template":"","meta":{"_acf_changed":false,"footnotes":""},"class_list":["post-2","page","type-page","status-publish","has-post-thumbnail","hentry","entry"],"acf":[],"_links":{"self":[{"href":"https:\/\/www.racinesimmo.be\/index.php?rest_route=\/wp\/v2\/pages\/2","targetHints":{"allow":["GET"]}}],"collection":[{"href":"https:\/\/www.racinesimmo.be\/index.php?rest_route=\/wp\/v2\/pages"}],"about":[{"href":"https:\/\/www.racinesimmo.be\/index.php?rest_route=\/wp\/v2\/types\/page"}],"author":[{"embeddable":true,"href":"https:\/\/www.racinesimmo.be\/index.php?rest_route=\/wp\/v2\/users\/1"}],"replies":[{"embeddable":true,"href":"https:\/\/www.racinesimmo.be\/index.php?rest_route=%2Fwp%2Fv2%2Fcomments&post=2"}],"version-history":[{"count":3,"href":"https:\/\/www.racinesimmo.be\/index.php?rest_route=\/wp\/v2\/pages\/2\/revisions"}],"predecessor-version":[{"id":21,"href":"https:\/\/www.racinesimmo.be\/index.php?rest_route=\/wp\/v2\/pages\/2\/revisions\/21"}],"wp:featuredmedia":[{"embeddable":true,"href":"https:\/\/www.racinesimmo.be\/index.php?rest_route=\/wp\/v2\/media\/13"}],"wp:attachment":[{"href":"https:\/\/www.racinesimmo.be\/index.php?rest_route=%2Fwp%2Fv2%2Fmedia&parent=2"}],"curies":[{"name":"wp","href":"https:\/\/api.w.org\/{rel}","templated":true}]}}

<h2 class="wp-block-heading">Déconnectez</h2>



<p>Laissez votre téléphone de côté pour un week-end et (re)découvrez les plaisirs simple d&rsquo;un moment à la côte. </p>



<p>À 300 m de la plage, au milieu de la ville touristique de Middelkerke, prennez le temps d&rsquo;une balade, une baignade ou d&rsquo;une crème glacée.</p>



<figure class="wp-block-gallery columns-2 is-cropped wp-block-gallery-1 is-layout-flex wp-block-gallery-is-layout-flex"><ul class="blocks-gallery-grid"><li class="blocks-gallery-item"><figure><img loading="lazy" decoding="async" width="1024" height="682" src="https://www.racinesimmo.be/wp-content/uploads/2021/09/1280px-Middelkerke_front_de_mer-1024x682.jpg" alt="" data-id="19" data-full-url="https://www.racinesimmo.be/wp-content/uploads/2021/09/1280px-Middelkerke_front_de_mer.jpg" data-link="https://www.racinesimmo.be/sample-page/1280px-middelkerke_front_de_mer/" class="wp-image-19" srcset="https://www.racinesimmo.be/wp-content/uploads/2021/09/1280px-Middelkerke_front_de_mer-1024x682.jpg 1024w, https://www.racinesimmo.be/wp-content/uploads/2021/09/1280px-Middelkerke_front_de_mer-300x200.jpg 300w, https://www.racinesimmo.be/wp-content/uploads/2021/09/1280px-Middelkerke_front_de_mer-768x511.jpg 768w, https://www.racinesimmo.be/wp-content/uploads/2021/09/1280px-Middelkerke_front_de_mer.jpg 1280w" sizes="auto, (max-width: 1024px) 100vw, 1024px" /></figure></li><li class="blocks-gallery-item"><figure><img loading="lazy" decoding="async" width="1024" height="681" src="https://www.racinesimmo.be/wp-content/uploads/2021/09/1024px-Plage_middelkerke.jpg" alt="" data-id="20" data-full-url="https://www.racinesimmo.be/wp-content/uploads/2021/09/1024px-Plage_middelkerke.jpg" data-link="https://www.racinesimmo.be/sample-page/1024px-plage_middelkerke/" class="wp-image-20" srcset="https://www.racinesimmo.be/wp-content/uploads/2021/09/1024px-Plage_middelkerke.jpg 1024w, https://www.racinesimmo.be/wp-content/uploads/2021/09/1024px-Plage_middelkerke-300x200.jpg 300w, https://www.racinesimmo.be/wp-content/uploads/2021/09/1024px-Plage_middelkerke-768x511.jpg 768w" sizes="auto, (max-width: 1024px) 100vw, 1024px" /></figure></li></ul></figure>

<p>Déconnectez Laissez votre téléphone de côté pour un week-end et (re)découvrez les plaisirs simple d&rsquo;un moment à la côte. À 300 m de la plage, au milieu de la ville touristique de Middelkerke, prennez le temps d&rsquo;une balade, une baignade ou d&rsquo;une crème glacée.</p>
